se 5*q + 80 = 5*n, 0 = 8*n - 4*n + 3*q - 57. Suppose 24 = m + g - n, -5*m = 4*g - 197. Does 23 divide m?
False
Suppose -3*n + 4*i = -29, 3*i + 2*i - 65 = -3*n. Is 5 a factor of n?
True
Let y = -266 + 181. Let m = -54 - y. Is m a multiple of 11?
False
Is 3/2 - (-27)/2 a multiple of 15?
True
Let o(u) = 2*u**3 - 3*u**2 - 2*u - 6. Is 11 a factor of o(4)?
True
Is (2/3)/(10/285) a multiple of 19?
True
Suppose 0 = -12*o + 13*o. Is 14 a factor of 135/3 - (o - -3)?
True
Suppose -13 = 2*d - 183. Is d a multiple of 30?
False
Let z be (-330)/36 + 2/12. Let u = z - -8. Let h = u - -5. Is 3 a factor of h?
False
Let q be (-3 - -4) + (-2)/(-1). Let h = q + -3. Suppose h = 5*v - 85. Does 13 divide v?
False
Is (-540)/(-66) + 4/(-22) a multiple of 2?
True
Suppose 8 = 2*s - 0. Suppose -5*v + 4*v - t + 8 = 0, -5*v + s*t + 40 = 0. Let m = v + 4. Does 6 divide m?
True
Let g(h) = -h + 8. Let i be g(6). Suppose -i*s + 5*s = 39. Is 13 a factor of s?
True
Suppose 2*b = 5*z + 4*b - 308, -191 = -3*z + 5*b. Is z a multiple of 20?
False
Let w(x) = 0 + 4*x - 3 + 1 + 0. Let g be w(8). Suppose 0 = -3*q + q + g. Is q a multiple of 15?
True
Let j(k) = 41*k**3 + k**2 + k - 1. Is 7 a factor of j(1)?
True
Suppose x + 5*k = 25, -4*x - 2*k = -83 - 53. Does 4 divide x?
False
Suppose 0 = -2*b + 2*s + 16, 3*b + b - 7 = -s. Suppose 3*g + b*j - 29 = -2*j, 0 = 2*j + 10. Is g a multiple of 6?
True
Suppose 3*i + 12 = -0*i. Let q be (-2)/4*2*i. Is 6 a factor of (-53)/(-5) - q/(-10)?
False
Suppose 156 - 54 = 3*l. Let s = 48 - l. Does 14 divide s?
True
Suppose -4*b + 28 = 5*s, -2*s + 6 = 2*b - 10. Is 7 a factor of 2/8 - (-105)/b?
False
Let h be 3/9 + (-3)/9. Suppose h = -2*s + 12. Is s a multiple of 2?
True
Let z(j) = 0*j**2 + 10*j + 4 - 3*j**2 + 2*j**2 + 3*j. Is z(9) a multiple of 10?
True
Let g = -3 + 12. Is 15 a factor of 2/(-9) + 137/g?
True
Does 13 divide (-5 + 3)/((-4)/78)?
True
Is 2*5/(-10) - 103*-1 a multiple of 17?
True
Suppose 48 = 23*p - 20*p. Does 10 divide p?
False
Suppose 4*z - 8 = z + 2*p, 5*z + 2*p - 8 = 0. Suppose 3*b = z*b. Suppose 4*j - 36 = -b*j. Does 6 divide j?
False
Let d(k) = 8*k**2 + 3*k - 5. Let r be d(-5). Suppose -4*q + h + 180 = 0, 2*h - r = -4*q - 0*h. Is 19 a factor of q?
False
Let j(i) = -2*i**3 + 5*i**2 + 7*i + 5. Let t be j(-5). Let f = t + -244. Suppose 4*g - f = 67. Is 12 a factor of g?
False
Is 13 a factor of 40/24*6*3?
False
Let s = 3 - 1. Suppose -3*n + s + 55 = 0. Does 19 divide n?
True
Let j(d) be the second derivative of d**4/12 - 5*d**3/3 - 3*d**2 + d. Let f be j(9). Let z = -10 - f. Is z a multiple of 2?
False
Let j(w) = 158*w + 1. Is j(1) a multiple of 31?
False
Suppose -c = 3*c + 16. Let g = 4 + c. Suppose g = 3*t + 3*d - 12 - 9, 3*d = 2*t - 39. Is 6 a factor of t?
True
Let j(u) = -u**3 - 3*u**2 + 2*u + 2. Let d be -13*(0 + 0 - 2). Suppose 3*b + d = -5*x, x - 2 = b - 4. Is 6 a factor of j(x)?
False
Let h(b) = -7*b**3 + 7*b**2 - 4. Let c(k) = -11*k**3 + 10*k**2 - 6. Let j(x) = -5*c(x) + 8*h(x). Does 23 divide j(5)?
True
Suppose -6*n = -15 - 39. Is n a multiple of 9?
True
Let m(j) = 21*j + 1. Suppose -o + 5 = 4. Let r be m(o). Suppose r + 8 = 3*f. Is 4 a factor of f?
False
Let j(z) = -18*z**2 + z + 2. Let r be j(-1). Let s = 30 + r. Does 13 divide s?
True
Suppose 4*c = -3*f + 27, 4 = -3*f + 5*c + 31. Is f a multiple of 9?
True
Suppose -8 = 4*r, -5*r - 20 - 15 = -5*m. Suppose m*u - 75 = -0*u. Is u a multiple of 5?
True
Let h be ((-6)/4)/((-1)/(-378)). Let o be h/6 + 3/(-6). Let k = -65 - o. Is k a multiple of 15?
True
Let t = 40 + -70. Does 2 divide (-80)/t - (-2)/6?
False
Suppose 0 = 3*y + 2*j - 13, 3*j = 5*y - j - 29. Suppose -5*l + y*z = -155, -z + 3*z = -10. Let i = -16 + l. Is i a multiple of 10?
True
Let b(a) = a**2 + 4*a + 4. Let m be b(-3). Let x be 3 + m*-116 + -1. Is x/(-18)*3*1 a multiple of 9?
False
Suppose 2*g - 5*a = 47, 2*a = 3*g - 4*g + 46. Does 4 divide g?
True
Suppose 3*a - 30 = -0*a. Let n(t) = -t**3 + t**2 - t - 5. Let c be n(0). Let m = a + c. Is m a multiple of 5?
True
Let o(n) = -49*n - 3. Is 46 a factor of o(-1)?
True
Suppose 12 = 4*f - 3*f. Does 7 divide f?
False
Does 13 divide 3644/14 + (-2)/7?
True
Let g = 4 - 4. Suppose g = -v - 0*v + 3. Suppose v*n - 13 = 77. Is 15 a factor of n?
True
Suppose 6*i - 15 = 3*i. Suppose i*f + 2*v = 254, -2*f - 4*v = -f - 58. Suppose 5*b - f = 20. Is b a multiple of 8?
False
Suppose 8 = -2*j + 48. Suppose 0 = -2*q + 8, 4*t - j = 3*t - 5*q. Suppose -2*k + 20 = -t*k. Does 5 divide k?
True
Let r(v) = -66*v**3 + v. Suppose -4*t = -5*c + 11, 2*c - 6*c + 11 = -t. Suppose -c*j + 0 = 3. Is r(j) a multiple of 24?
False
Let x = -36 + 14. Let a = -10 - x. Does 4 divide a?
True
Suppose b = -5*h - 188 - 1524, 4*h + b = -1370. Is 6 a factor of ((-4)/6)/(12/h)?
False
Suppose 420 = -4*y + 8*y. Is y a multiple of 24?
False
Let k(s) = 5*s + 34. Is k(13) a multiple of 13?
False
Let i(a) = 196*a. Let m(k) = 2*k - 3. Let j be m(2). Let z be i(j). Suppose 6*l + 3*o = 3*l + 123, -4*l + z = -4*o. Does 16 divide l?
False
Let m = 110 + 26. Let q = -72 + m. Suppose 2*z - 4*z + q = 0. Does 22 divide z?
False
Suppose h + 2*q - 4 = -25, 3*h - q = -63. Let v be -2*(h/6 + 0). Let t = 12 - v. Is t even?
False
Let v = 7 - -33. Is ((-2)/(-4))/(4/v) a multiple of 5?
True
Let b(k) = 4*k - 3. Let u be (-6)/27 - (-87)/27. Is b(u) a multiple of 4?
False
Let t = 9 - 8. Suppose -t = -j - 5*x, 4*x + 3 = 2*j - 27. Is 11 a factor of j?
True
Suppose 292 - 7 = 3*y. Let n = -97 - -40. Let i = y + n. Is i a multiple of 19?
True
Suppose v = -p + 169, -3*v + 5*p = v - 649. Is 29 a factor of v?
False
Let i be (24/14)/((-2)/(-14)). Suppose 0 = 3*n + i, 3*l - 5*n - 276 = -l. Is l a multiple of 18?
False
Let w be (3/6 + 1)*4. Let u(f) = f**2 + f - 8. Does 17 divide u(w)?
True
Let y be (-2)/10 + (-1)/(-5). Suppose 0 = -3*c - 3, -3*b + 54 = -y*b + 3*c. Is 14 a factor of b?
False
Let u = 13 + -25. Suppose -v + 27 = -0*v. Let x = v + u. Does 5 divide x?
True
Suppose 2*u - 4 = 2. Suppose -y - u = -0. Does 19 divide (2 - y/(-2))*38?
True
Let d be 68/18 - 4/(-18). Suppose 6 = d*u - 2. Suppose u*p - 5 = 7. Does 3 divide p?
True
Let w be (-10)/5*(-1 + -120). Let m be (-2)/4 - w/(-4). Does 5 divide (3/2)/(9/m)?
True
Suppose -5*p + 81 + 44 = 0. Let w = 5 + -2. Suppose -2*f = -w*f + p. Is 11 a factor of f?
False
Let u(y) = -y**2 - 7*y - 2. Let n be u(-6). Suppose l - n*f + 2*f = 7, -3*l = -f - 31. Is l a multiple of 6?
False
Suppose -b + 270 = s - 3*b, 3*b = 0. Suppose s = 6*l - l. Does 21 divide l?
False
Let b(i) = 66*i + 1. Is b(1) a multiple of 11?
False
Suppose t + 20 = 2*t. Suppose -5*n + 4*s = -16, 5*s + t = -n - 0*s. Suppose -g + 24 = -n*g. Is g a multiple of 8?
True
Let y be -14*(1/2 + -1). Let i = y + -5. Does 5 divide 1 + (-1 + 5)*i?
False
Suppose -2*y + 111 = 43. Is y a multiple of 17?
True
Suppose 0*o - 4*o = -4*l - 12, -5*o - 3*l + 15 = 0. Let w = 1 - o. Let a = 1 - w. Is a a multiple of 2?
False
Suppose 2*a - 4*z + 1 = -5, 0 = -a - 3*z + 12. Suppose a*f - 2 = 5*i, -2*f - 3*f + 5*i = 0. Is f*(-2 - 0) - -27 a multiple of 22?
False
Suppose 6*k = 3*k + 171. Is 12 a factor of k?
False
Let k be 2 + 6/(-2) - -1. Suppose k = -4*x - 28 + 228. Does 25 divide x?
True
Let s = 11 + -5. Let f = 45 - s. Is f a multiple of 13?
True
Does 16 divide 7/35 - 1599/10*-2?
True
Let c = 187 + -132. Is 12 a factor of c?
False
Let y(m) = -m + 3. Suppose -h - 4*h - 10 = -2*i, -i = h - 5. Let p be y(h). Suppose 2*s + p*s - 5 = 0, -2*g + 5 = -5*s. Does 4 divide g?
False
Suppose 20 = 3*v + 5*g, -4*v + 6*g = 3*g - 75. Is 14 a factor of v?
False
Let k(n) = n**3 + n. Let g be k(1). Suppose g*a + 27 = -a. Is 20/42*a*-7 a multiple of 15?
True
Let h(q) = -q**2 + 7*q + 12. Let x be h(9). Let u = x + -14. Does 21 divide (-5)/(-1)*(-136)/u?
False
Let l(t) be the first derivative of 5*t**4/4 - t**3 + 3*t**2/2 - 6. Is l(2) a multiple of 9?
False
Suppose -327 - 293 = -4*n. Suppose 5*i = n - 40. Is i a multiple of 7?
False
Suppose 4*v = -5*f + 134, -2*v + 4*v = -8. Does 15 divide f?
True
Suppose 4*l = 20, 5*l + 95 = n - 80. Is 20 a factor of n?
True
Does 52 divide 22553/114 + (0 - 2/(-12))?
False
Suppose 3*k = 3*s + 2*s + 63, 3*k + 2*s - 84 = 0. Suppose -b - k = -3*b. Does 13 divide b?
True
Let s = 14 - 10. Suppose -k - s*k = 0. Is 6 a factor of -1*2 + k - -19?
False
Let r(a) = -2*a - 